visor of t and 627?
57
Suppose 3*f + 2*n - 2224 = 2386, f + 2*n = 1546. What is the greatest common divisor of 32 and f?
4
Suppose -17*i = -1496 - 6392. Suppose m - 160 = -4*m + 2*g, -3*m - 3*g + 96 = 0. Calculate the greatest common factor of m and i.
16
Suppose 114 = 3*y + j, 4*y + 6*j = 4*j + 156. Calculate the highest common divisor of y and 2424.
12
Suppose 11*x = 342 + 65. Calculate the greatest common divisor of 333 and x.
37
Let k = -228 + 328. Let o = -342194 + 342206. Calculate the greatest common divisor of k and o.
4
Suppose 3*n + 3*c = 579, 2*n = -3*n - 4*c + 970. Suppose -269 = 4*s - v + 2*v, 0 = 3*s + 2*v + n. Let j = -19 - s. What is the highest common factor of j and 7?
7
Suppose v - 6 = 5*z, -5*z + 14 = -6*z - 3*v. Let s be z - (1 - -5 - 18). Calculate the greatest common divisor of s and 290.
10
Suppose -37 = -23*z + 722. What is the highest common divisor of 69 and z?
3
Let z be (112/48)/(21/702). What is the highest common divisor of 210 and z?
6
Let c = 29192 - 29186. Let u = 18 + -12. Calculate the highest common factor of u and c.
6
Let c(g) = -g**2 - 9*g + 19. Suppose -5*s - 17 = 13. Let l be c(s). Suppose -138 = -39*o + l*o. Calculate the greatest common divisor of 23 and o.
23
Let g = 1882 - 1822. Calculate the greatest common divisor of 940 and g.
20
Suppose -8*c + 0*c = -5192. Suppose -4*r = -611 - c. Calculate the greatest common divisor of r and 126.
63
Let j = 26 + -9. Suppose -j*x + 165 = -6*x. What is the highest common factor of 21 and x?
3
Let j(p) = -106*p - 32. Let s be j(-1). What is the highest common factor of s and 296?
74
Let r(k) = -1. Let n(l) = 12*l + 93. Let d(t) = n(t) + 6*r(t). Let p be d(23). Calculate the greatest common factor of 22 and p.
11
Suppose 0*l = 2*l - 30. Suppose 16*x = -0*x + 80. Suppose -x*j + 346 = -254. Calculate the greatest common factor of l and j.
15
Suppose 0 = 5*h + y - 283, 0 = -h - 4*h - 2*y + 286. Let w = 30 + 0. Suppose w = -s + 44. What is the greatest common factor of s and h?
14
Suppose 0 = -9*x + 8*x + 6*t + 2727, -x + 2754 = 3*t. What is the highest common factor of x and 45?
45
Let l be (4 - 1) + 190/(-5). Let d = 70 + l. Suppose 3*r - 5*b = 33 + 9, 2*r - 3*b = 28. Calculate the highest common factor of r and d.
7
Let r be 22 + (-3 - -12) - 12/(-4). Let b be 16 - (2*-1)/2. Calculate the highest common divisor of r and b.
17
Suppose 5*r - 648 = 3*r. Let a = 11107 + -10927. What is the greatest common divisor of a and r?
36
Let m = -56 - -47. Let d be -3 + -12*(m - -5). Let n = -8 - -17. Calculate the greatest common factor of d and n.
9
Suppose -3*y + 5*x + 2820 = 0, 5*y - 2*y - 2850 = -5*x. Let w = -567 + y. Calculate the highest common factor of w and 42.
42
Let c = -245 + 166. Let t = -11351 + 11556. Let d = c + t. What is the greatest common factor of 18 and d?
18
Let t be (-16232)/(-26) - 1004/3263. Calculate the highest common factor of 1200 and t.
48
Let y = -12 + 18. Suppose l = 0, -b = -y*b + l + 280. Suppose 0 = -3*o - 9, 3*o - 55 = -5*g + 6. Calculate the greatest common factor of b and g.
14
Let m(a) = 19*a**2 - 19*a - 1. Let l be m(13). Suppose l = 6*x - 637. What is the greatest common factor of x and 24?
24
Suppose 773*b = 747*b + 71552. What is the greatest common factor of 96 and b?
32
Let m be 76/7*(12/(-27) - (-355)/90). What is the highest common divisor of 475 and m?
19
Let a = 322 + -252. Let y be (-12)/10 - (-1764)/a. Calculate the greatest common divisor of 12 and y.
12
Let b = 3904 - 3479. Calculate the highest common factor of b and 175.
25
Suppose 127*s - 116*s = 825. Suppose 3*a - m - 3*m = 75, -3*m = -3*a + s. Let c = -4 - -9. What is the greatest common factor of a and c?
5
Let f be 13*154/6*(-618 + 621). What is the greatest common divisor of f and 2079?
77
Suppose -120*z = -116*z - 280. Let t be 1/7 + 6 + 7130/z. Calculate the greatest common divisor of t and 48.
12
Let t be (-8)/(-11 - (-4476)/408). What is the highest common divisor of t and 442?
34
Suppose -3*m - 2*p + 2859 = 599, 3*m - p = 2245. Suppose -3*x = -3*t + m, -2*x + 7*x = -25. What is the greatest common factor of 35 and t?
35
Let q = -14 + 31. Let w(g) = 14*g - 224. Let x be w(q). What is the highest common divisor of 98 and x?
14
Let k(d) = d**2 + 30*d - 8. Let r be k(13). Let z = r - 538. Calculate the highest common factor of 949 and z.
13
Suppose -22*v + 2*c - 476 = -24*v, -3*c - 756 = -3*v. Calculate the highest common divisor of v and 1617.
49
Suppose 5*s = -2*y + 449, -2*s = -5*s - 5*y + 277. Let o = -12 + s. Suppose -4*d - t + o = d, 6 = 3*t. Calculate the highest common factor of 60 and d.
15
Let k be (-45)/(-12) - 498/664. Suppose -4*n = -2*x + n + 6, 0 = -5*x + n + 61. Let r = -1 + x. What is the highest common factor of k and r?
3
Let d(z) = 1350*z**2 + 266*z - 266. Let o be d(1). Calculate the highest common factor of o and 50.
50
Suppose 54*i = 31*i + 437. Calculate the greatest common divisor of 14459 and i.
19
Suppose 0 = h - 4*s - 59, -2*s = -h - 2*h + 177. Suppose 6*n + 35 = h. Let q be ((-16)/10)/((-4)/10). Calculate the greatest common divisor of n and q.
4
Suppose -6 = -10*j + 14. Suppose v = 3*p - 2*p - 338, -j*p + v = -680. What is the greatest common factor of 18 and p?
18
Let z be 10 + (-13 + 181)/21. What is the highest common divisor of 5514 and z?
6
Suppose -5*b = -3*b - 8. Suppose f = b*v - 223, -5*f - 275 = -4*v - v. What is the highest common divisor of 84 and v?
28
Let r be ((-36)/63)/(3/(-21)). Suppose -2*l + 32 = -2*v, 2*v - r*v + 66 = 5*l. Let s be 4/(-14) + (-298)/(-14). What is the highest common factor of l and s?
7
Let t(u) = 2*u**2 - 7*u + 11*u - 49*u**3 + 1 + 0*u**2 - 2*u. Let d be t(-1). Suppose 55*l - 520 = d*l. Calculate the highest common factor of 26 and l.
26
Let t be ((-2376)/484)/(12/(-176)). Suppose 0 = 3*h - 251 - 253. Calculate the highest common factor of h and t.
24
Suppose -50*j + 5*c - 109 = -54*j, 0 = -4*j + c + 79. Suppose -4*d + 1131 = -5*s, d = 24*s - j*s + 274. Calculate the greatest common factor of d and 17.
17
Let p = 494 - 474. Let r be (450/40)/((-1)/(-4)). What is the highest common factor of r and p?
5
Let k be (-28)/(-32)*56*5. What is the greatest common factor of 2989 and k?
49
Let o(u) = -33*u + 8. Let h be o(-8). Let l(p) = -117*p + 250. Let t be l(2). What is the greatest common factor of h and t?
16
Let o(r) = 3*r**2 + 11*r + 8. Let v be 4/((-4)/(-2 + 6)). Let f be o(v). Calculate the greatest common divisor of 3 and f.
3
Let t be 2/48*-2 - (-26450)/600. Suppose 4*h = 2*d + 3*d - 40, 0 = -5*h - 3*d - 13. Let z = h - -16. Calculate the highest common divisor of t and z.
11
Let s(y) = -23*y - 120 - 91 - 42 - 187 + 246. Let v be s(-9). Calculate the greatest common factor of v and 3.
1
Let x(h) = h**3 + 8*h**2 + 7. Let y be x(-8). Suppose -3 = -2*o + y. Let k be -13 + 105/(-75)*-10. Calculate the highest common factor of o and k.
1
Let u(p) = p**3 + 8*p**2 - 5*p + 4. Let b be u(-8). Suppose 0 = -9*l + 7 + 56. Let i(y) = y - 3. Let k be i(l). Calculate the greatest common factor of k and b.
4
Let f = -479 - -2378. Suppose -f = -4*o + v, -10*v - 25 = -15*v. What is the highest common divisor of o and 136?
68
Suppose 9434 = 25*k - 6066. Suppose k = 9*q - 4*q. What is the greatest common divisor of q and 31?
31
Suppose 3*t + 244 = -233. Let l be t/(-12) + (-10)/40. Suppose 2*q - 67 = -l. Calculate the highest common divisor of q and 243.
27
Suppose -14*d + 3872 - 452 = 5*d. Calculate the greatest common divisor of 400 and d.
20
Let v be 2*(4 + -4 - 578/(-4)). Let q = v - 287. What is the greatest common factor of 146 and q?
2
Let p be 17/((-17)/(-5))*29. Calculate the greatest common divisor of p and 116.
29
Let b(k) = 4*k**2 - 621*k - 3678. Let w be b(-6). Suppose -2*y = -4*u - 23 - 33, 3*y + 2*u - 68 = 0. Calculate the highest common divisor of y and w.
24
Let v be (-3)/(((-4)/(-6))/(-2)). Let d be 2/(-9) + 65/v + 0. Calculate the highest common factor of 56 and d.
7
Let p = -135 + 164. Calculate the greatest common factor of p and 5.
1
Suppose -f + 328 = -3*f. Let u = 174 + f. Suppose 3*z = 4*n - 3 + 7, 2 = n. What is the highest common factor of u and z?
2
Let z = 32195 - 32119. Calculate the greatest common divisor of 1368 and z.
76
Suppose 28513 = 5*y - 2*k - 39193, -4*k + 13550 = y. What